 v = a - 2. List the prime factors of v.
2
Let o = 6 - 4. Let m be o/4 + (-10)/(-4). Suppose 0*r + 36 = m*r. What are the prime factors of r?
2, 3
Let h(y) = 6*y**3 - 2*y**2 + y. Let k be h(1). Suppose k*v = -10*g + 5*g + 125, -3*v + 12 = 0. What are the prime factors of g?
3, 7
Let p(h) = -h**2 + 3*h - 2. Let m be p(3). Let t be 5/(-25) + m/(-10). Let f = t - -3. What are the prime factors of f?
3
Let u = -2 - -2. Suppose u = -4*f - f + 10. Suppose -35 = -f*n - j, -4*n + 75 = -2*j + 5*j. List the prime factors of n.
3, 5
What are the prime factors of (69 + 0)*(-11)/(-33)?
23
List the prime factors of (49 - (1 + 0)) + 2.
2, 5
Suppose 5*w = 5*t + 15, 15 = -0*w + 5*w + t. Suppose c + 2 - 1 = 4*b, 0 = -4*c + w*b + 22. What are the prime factors of c?
7
Suppose 4*v = v + 4*f + 82, -5*f - 110 = -4*v. Let y(i) = -42*i. Let g be y(-1). Let p = g - v. What are the prime factors of p?
2, 3
Suppose 2*f + 12 = g, 5*f - 3*f + 36 = 3*g. Let l = g + -10. Suppose -46 = -4*c - l*q, 5*q = 4*c - 7 - 4. What are the prime factors of c?
3
Let x(t) = t**3 - 10*t**2 + 14*t - 7. List the prime factors of x(9).
2, 19
Let p = 6 + -4. List the prime factors of (p/(-6))/(1/(-39)).
13
Let u = -2 - -6. What are the prime factors of u?
2
Let w(x) be the first derivative of -x**3/3 + 5*x**2/2 - 3*x + 3. Let c be w(2). Suppose c*k + k - 56 = 0. List the prime factors of k.
2, 7
Suppose 4*y - 134 = -3*c, 3*c - y = 5*c - 96. Let u be (-6)/4*c/(-3). Suppose 0 = -5*p - u, -p = 2*z - 6*z + 45. What are the prime factors of z?
2, 5
Let r(b) = -b**2 - 3*b + 2. Suppose -5*q - 19 = 3*t, -2*t - 2*t + q = 10. Let a be r(t). List the prime factors of a - 0/(-1 - -2).
2
Let g be 6/8 + 2/8. Let j = 2 - g. List the prime factors of 9 - (j - 0/(-1)).
2
Suppose f = 4*k + 16, 0 = 4*k + 7 + 5. Suppose -f*d + 58 = -2*r, 0 = -3*d - 4*r + 1 + 37. What are the prime factors of d?
2, 7
Suppose 3 + 6 = 3*n. Suppose -p + 6 = -0*p. Let z = p - n. List the prime factors of z.
3
Let w(j) = j**3 - 12*j**2 + 12*j - 13. Let t be w(11). Let x be (-78)/t + (3 - 2). Let r = x - 25. List the prime factors of r.
3, 5
Let i = 102 - 56. List the prime factors of i.
2, 23
Suppose 4*m - 2 = 4*t - 38, 5*m = 3*t - 37. Let h = 5 - t. What are the prime factors of (h - 2/3)*9?
3
Suppose 4*l - 28 = 3*v + 10, l - 10 = v. Suppose 4*h = l - 0. Suppose k - 4*y = 7, -3*k - 2*k + h*y + 17 = 0. List the prime factors of k.
3
Let j = -1 + 3. Suppose 21 = -j*t + 5*z, -z - 4 = 3*t - 15. List the prime factors of t.
2
Let g(z) = -34*z + 14. Let l(h) = -7*h + 3. Let p(j) = 3*g(j) - 14*l(j). Let f be p(-4). Suppose -4*s + 40 + f = 0. List the prime factors of s.
2, 7
Suppose -4*x - 968 = -2*b - 2*b, 0 = 5*b + 5*x - 1180. What are the prime factors of b?
239
Let p be (-4)/(-10) + (-73)/(-5). Suppose -4*u - p = -7*u. List the prime factors of u.
5
Let v(b) = -3*b + 1. Let w be -4 + (1 - 5 - -3). List the prime factors of v(w).
2
Let p(w) = -7*w - 4. Let h be p(-4). Let i = -5 + h. What are the prime factors of i?
19
Let j be (3/2)/(9/(-12)). Let h = 1 + j. What are the prime factors of h/4 + 52/16?
3
Let y = -1 - -33. List the prime factors of y.
2
Let n(d) = -8*d**2 - 2*d + 1. Let l(p) = -16*p**2 - 4*p + 3. Let q(m) = 2*l(m) - 5*n(m). Let f be q(-1). Suppose 5 + f = 2*k. List the prime factors of k.
2, 3
Suppose 26*j - 27*j + 17 = 0. List the prime factors of j.
17
What are the prime factors of (-2 - -6) + -1 - -1?
2
Suppose 2*s - 6 = -26. What are the prime factors of -2 + (9/3 - s)?
11
Suppose 0*l - 4*l = -124. List the prime factors of l.
31
Suppose -40 + 13 = -w. What are the prime factors of w?
3
Let o(w) = w**3 - 11*w**2 + 27*w - 19. List the prime factors of o(10).
151
Suppose 0*t + 5*t = 2*v + 32, 0 = -2*t + 8. Let l(y) = -3 - 2*y**3 - 4*y**3 - 8*y + 5*y**3 - 7*y**2. What are the prime factors of l(v)?
3
Let m be 2/(2 + -1) + 1. Let v(k) = k**3 - 3*k**2 + 3*k + 1. List the prime factors of v(m).
2, 5
List the prime factors of 3/(-15) - (-341)/5.
2, 17
Let s(z) = -z**2 + 1. Let h be s(1). Let j = h - -2. List the prime factors of j.
2
Let h be 2/(-5) + 10/25. Let f be ((-2)/(-5))/((-2)/(-20)). Let i = h + f. What are the prime factors of i?
2
Let y be 88/33*(-1 - 2). What are the prime factors of (-75)/(-20) + (-2)/y?
2
Let r = -59 + 66. What are the prime factors of r?
7
Let x(v) = -v. Let u be x(-8). Let o = -4 + u. List the prime factors of 1 + -1 + o/1.
2
What are the prime factors of (-1 - 0)/((-3)/141)?
47
Let t be (-1)/(2*4/24). List the prime factors of (-1)/1 + t + 55.
3, 17
Let u = 10 + -8. Suppose -u*l = -3*l. Suppose l*k - 3*k - 24 = -4*i, 5*k = 3*i - 7. What are the prime factors of i?
3
Let g(k) = -3 + 2*k - 4 + 3 + 3. What are the prime factors of g(7)?
13
Let f(n) = n**2 + 12*n + 10. Let z be f(-11). Let l be 6/(5/2 + z). What are the prime factors of l/(-3)*(-5 + 2)?
2
Let k = -2 + 5. Suppose 18 = q + k. List the prime factors of q.
3, 5
Suppose -4 - 1 = -s. Suppose -a + 4 = 0, 50 = s*q - 2*q + 5*a. List the prime factors of q.
2, 5
Let h(i) = -i**3 - 5*i**2 - 5*i. Let k be h(-4). List the prime factors of 5*k/10 - -2.
2
Suppose 2*h - 67 - 67 = 0. List the prime factors of h.
67
Suppose 2*f - 4 = 0, 5*f = -3*o + f + 35. What are the prime factors of 147/o + (-1)/3?
2
Let v = -8 + 7. List the prime factors of (18/12)/(v/(-2)).
3
Let o(g) = g**2 + g - 3. Let f be 4/1 + -3 + 2. Let a = -7 + f. List the prime factors of o(a).
3
List the prime factors of (-1)/((-4)/100) - -3.
2, 7
Let g = 29 + -31. Let z(n) = -5*n**3 - 2*n**2 - n. What are the prime factors of z(g)?
2, 17
Let m(n) = -n - 5. Let o be m(-10). Suppose -5*u + 24 = w, w + 30 = o*u - 4*w. Suppose -u*k + 91 = 3*v + 29, 5*k = 4*v + 34. What are the prime factors of k?
2, 5
What are the prime factors of 4 + (-3)/((-9)/48)?
2, 5
Let f(v) = -77*v - 2. What are the prime factors of f(-2)?
2, 19
Let k(b) = -b**3 - b**2 - 1. Let l(x) = -4*x**3 + x**2 - 9*x - 7. Let u(j) = -5*k(j) + l(j). What are the prime factors of u(-7)?
2, 3
Let h(g) = 37*g - 17. List the prime factors of h(7).
2, 11
Suppose 2*k + 3*k - 115 = 0. List the prime factors of k.
23
Let x(h) = -31*h - 1. Let k be x(-1). List the prime factors of k + 1*(-4 - -3).
29
Let s = 10 - 19. What are the prime factors of (-1 + 4)/((-3)/s)?
3
Let h = -50 - -80. List the prime factors of h.
2, 3, 5
Let l(v) = -v**2 + 4*v - 5. Let j(p) = p**2 - 4*p + 4. Let h(s) = 3*j(s) + 2*l(s). Let m be h(2). Let f = m + 17. List the prime factors of f.
3, 5
Let m(w) = -42*w**3 + 2*w**2 - 4*w - 5. What are the prime factors of m(-2)?
347
Suppose 3*h - 16 - 20 = 0. Let g(o) = o**2 - 9*o - 10. What are the prime factors of g(h)?
2, 13
Let l = -329 - -529. Suppose -l = -4*a - 44. Suppose 1 = -4*o - 11, 4*b - 5*o - a = 0. List the prime factors of b.
2, 3
Suppose 7*y + 3*b - 179 = 6*y, 2*b + 358 = 2*y. What are the prime factors of y?
179
Suppose -33 = -c - 4*m, 5*c - 19 = 2*c + 4*m. Let d be -2*4/(-8) - 1. Let a = c + d. List the prime factors of a.
13
Let q(d) = -6 + d - 11*d + 4*d**2 - 5*d**2 - 2. What are the prime factors of q(-8)?
2
Suppose -5*a - 163 = -3*n - 23, -2*a + 5*n - 75 = 0. Let o = 41 + a. Let y = 22 - o. What are the prime factors of y?
2, 3
Let k = -5 - -21. Suppose 4*f - 28 = k. Suppose -5*d = -n - f, 0*d + 5*n = -2*d + 26. List the prime factors of d.
3
Suppose 2*a + 3*y + 31 = 0, -3*y = a + 11 + 6. Let p = a + 45. Suppose 2*d = 3*g + p, -2*d + 5*d = -5*g + 18. List the prime factors of d.
11
Suppose -6*b = -3*b - 2*c + 21, 2*b + 5*c = 5. Let z(x) = -x + 0 - 4*x - x**2 + 2. What are the prime factors of z(b)?
2
Suppose u = -2 + 9. What are the prime factors of u?
7
Let y be (8/(-12))/(2/3). List the prime factors of 0*y/(-3) - -5.
5
Let q(y) = y**2 + 3. Let f be q(3). Let o = 3 - f. Let p = o + 21. List the prime factors of p.
2, 3
Let i(g) = -5*g - 9. What are the prime factors of i(-10)?
41
Let l(k) = -k**2 + k + 15. List the prime factors of l(0).
3, 5
Suppose 9*g = 12*g - 276. What are the prime factors of g?
2, 23
Let h(a) = -a**2 - 5*a + 5. Let o be h(-5). Suppose 29 = 3*v - 5*y + 3*y, -3*v - o*y = -1. List the prime factors of v.
7
Let o(c) = 82*c + 23. What are the prime factors of o(3)?
269
Let g = -5 + 3. Let l = g + 4. List the prime factors of (-12)/1*l/(-3).
2
Let v = 6 + 57. List the prim